Let v = 59 + -57. Calculate the highest common factor of 9 and v.
1
Suppose 8*n - 24 + 200 = 0. Let h(z) = 3*z**3 + 66*z**2 + 2*z + 76. Let l be h(n). Calculate the greatest common divisor of l and 96.
32
Let o(q) = 54*q - 138. Let g be o(3). What is the highest common divisor of 7080 and g?
24
Let z be 6 + (-116)/(-16) + 2/(-8). Calculate the highest common divisor of z and 923.
13
Let r(j) = 48*j - 27. Let i be r(4). Let w be (-13)/(-1 + 8/9). Suppose 0 = 3*u + 18 - w. What is the greatest common factor of i and u?
33
Let t(i) = -i**2 - 4*i + 13. Let r(g) = 34*g + 13. Let o be r(-4). Let h = -128 - o. Let w be t(h). Calculate the greatest common factor of w and 64.
8
Suppose -5*z + 3*i = -16, 13*i - 10*i + 6 = 0. Calculate the highest common divisor of 97 and z.
1
Suppose -37*b = -42*b - 3*s + 121, -2*b = 3*s - 43. Let q = -563 + 849. What is the highest common factor of b and q?
26
Let j = -10963 - -11107. Calculate the greatest common factor of 2088 and j.
72
Let l(u) = 16*u - 150. Let x be l(42). Let n = -19 - -55. What is the highest common divisor of n and x?
18
Let p(z) = -z**2 + 11*z - 10. Let o be p(5). Suppose 0 = -21*u + o*u + 93. Suppose -15*s - u = -18*s. Calculate the highest common factor of 217 and s.
31
Let t(b) = 34*b**2 - 5*b + 5. Let l be t(3). Suppose -4*c = -l + 96. Let p = 584 + -544. What is the highest common divisor of c and p?
10
Suppose -5*y + 2 + 38 = 5*q, -5*q = -5*y - 90. Suppose -h + q - 10 = 0. Suppose h*b = 210 + 15. What is the highest common divisor of 30 and b?
15
Let i(c) = 4*c + 17. Let h = -49 + 43. Let d be i(h). Let g be 1/(((-14)/12)/d). Calculate the greatest common factor of g and 30.
6
Let j = -201 - -244. Suppose -j*q = -22*q - 462. Calculate the highest common factor of 110 and q.
22
Let n(v) = -1. Let g(s) = -2 - 1 + 1424*s - 8*s**2 - 1421*s. Let u(r) = -g(r) - 3*n(r). Let w be u(2). What is the greatest common divisor of w and 8?
8
Suppose 4*f - 43 = -7. Suppose 5*p = -56 - 44. Let w be ((-2)/(p/(-135)))/(1/(-6)). Calculate the greatest common divisor of f and w.
9
Let u be (5*(-1)/(-1))/(10453/41812). Let t = -84 + 149. Calculate the greatest common factor of u and t.
5
Let b(r) = -2*r**2 - 32*r - 39. Let w be b(-10). Let y be (-6)/(-27) + ((-1065402)/w)/(-13). What is the highest common factor of 92 and y?
92
Let x = -194 + 305. What is the greatest common factor of 1369 and x?
37
Let m(v) = 5*v + 65. Let k be m(-13). Suppose k = 4*p + 2*x - 288, p - 82 = -4*x - 10. What is the highest common divisor of p and 72?
72
Suppose -4*g - 16 = -5*k - 0*g, 4*g = 3*k - 8. Suppose -280 = 3*i + k*x, -3*x = -2*i - x - 168. Let a = i + 94. What is the highest common divisor of 8 and a?
2
Let r be 3/((-54)/12)*12. Let x(o) = -3*o**2 - 36*o - 19. Let j be x(r). Calculate the highest common divisor of 44 and j.
11
Let m(d) = 2*d**2 - 30*d - 69. Let p be m(17). Let u be 2 + 844 + p/(-3)*18. Calculate the greatest common divisor of 12 and u.
12
Let d be 1/(-2)*(2 - 144). Let m = d + 5. Suppose 34*c + m = 36*c. Calculate the greatest common factor of 38 and c.
38
Suppose 0 = -8*d + 296 + 264. Let b be ((4/10)/(-1))/((-2)/d). What is the highest common divisor of b and 63?
7
Let h be 780/14 + (-2)/(-7). Let q(a) = a**3 - 185*a**2 + 172*a + 2224. Let w be q(184). Calculate the greatest common factor of h and w.
8
Suppose -2*p - 4*c = -106, -p - p + 3*c = -141. Let t = 381 + -368. Suppose t*j - 9*j = -4*z + 8, -4*z = j + 13. What is the highest common divisor of p and j?
7
Suppose -5*f - t + 2 = -5*t, t - 12 = -5*f. What is the highest common factor of 362 and f?
2
Let a = -3864 + 3936. What is the highest common divisor of 336 and a?
24
Suppose 72*h - 70*h - 880 = -2*q, 2*h - 888 = -3*q. What is the greatest common divisor of 81 and h?
27
Let a(o) = 17*o + 108. Let i be a(16). Calculate the greatest common factor of i and 684.
76
Let g(u) = 23*u + 1337. Let i be g(-28). What is the highest common factor of i and 308?
77
Let l(y) = -2*y**3 + 4*y**2 - 6*y + 70. Let d be l(0). What is the greatest common divisor of 595 and d?
35
Suppose 1370 = -17*w - 466. Suppose 2*s - 10 = -4*k + 2, 5*s = 3*k + 4. Let v be (4/(-12))/(s + 218/w). Calculate the highest common factor of 90 and v.
18
Let s be 22/4 + ((-5)/2 - -2). Suppose 40*b - 5619 = 781. Calculate the highest common factor of b and s.
5
Let l = -507 - -1683. Suppose -336 = -2*i - 12*i. What is the highest common divisor of l and i?
24
Let l be (-10*56/(-20) + -1)*280/24. Calculate the highest common divisor of l and 4275.
45
Suppose 0 = -2*r + 10, 4*q + r - 68 = 1. Suppose 3*j = 3*n + 144, -5*j - 7 = 8. Let g = n + 67. Calculate the highest common factor of q and g.
16
Let k = -297 + 301. Suppose k*j - 1430 = -z + 3*z, 5*j = -z + 1784. What is the highest common factor of 153 and j?
51
Let j(n) = 44 - 26 - 22 - n. Let z be j(-7). Suppose -4*y = -9*y, m = 4*y + 15. Calculate the greatest common factor of m and z.
3
Let h be (-23 + 30)*(-5)/7*-30. Let s = h + -142. What is the highest common factor of s and 128?
8
Suppose 0 = 9*i - 45 - 45. Suppose i*t - 9*t - 32 = 0. What is the highest common factor of 112 and t?
16
Suppose -34 = -20*a + 3*a. Let s be 4/(25/10 - a). What is the highest common factor of s and 352?
8
Suppose -14592 = -32*k + 16592 + 24304. Calculate the greatest common factor of 153 and k.
51
Let k = 35 - 477. Let z = k - -463. What is the greatest common factor of z and 525?
21
Let u(p) = 10*p + 5. Let m be u(1). Let r be 4/(-12) - (-65)/m. Suppose -276 = -3*h - 3*s, -h + 448 = r*h - s. What is the highest common factor of 10 and h?
10
Let p = 22 - 18. Suppose 0 = b - 3*a + 1, -p = -3*b - 2*a + 15. Suppose b*m = -3*m + 152. Calculate the greatest common factor of 171 and m.
19
Suppose 1 + 4 = n, 3*y = -5*n + 49. Let v(c) = c**3 - 7*c**2 + 8*c + 16. Let q be v(y). Calculate the highest common divisor of 18 and q.
18
Let v be 10 + (5 - 4)*-2 - 5. Let n be (-54)/63*(-16 + 6/v). What is the highest common factor of n and 372?
12
Let i(z) = -690*z - 4930. Let w be i(-8). What is the highest common factor of 23895 and w?
295
Let t(a) = 6*a**2 - 602*a - 2940. Let v be t(-5). What is the greatest common divisor of v and 5005?
55
Let n(t) be the second derivative of t**5/4 + t**3/2 - 5*t**2/2 - 20*t. Let q be n(2). Suppose p + 0 = q. Calculate the highest common factor of 451 and p.
41
Let z(j) = -12*j - 68. Let r(u) = -6*u - 1. Let v(l) = -6*r(l) + z(l). Let n be v(16). Calculate the greatest common divisor of n and 138.
46
Let z be ((-92)/(-16) + -3)*816/12. Calculate the greatest common divisor of z and 527.
17
Suppose 5 = u - 6*u, -3*a = 4*u - 2. Suppose 16*v - a*v - 280 = 0. Let q be ((-12)/8)/((-3)/20). Calculate the greatest common divisor of q and v.
10
Suppose -21*a - 4*d - 40 = -22*a, d = 2*a - 45. Let q = -202 - -542. What is the greatest common divisor of q and a?
20
Let m(d) = -d**3 - 4*d**2 - 5*d - 3. Let j be m(-4). Let u = -26163 - -26639. What is the highest common factor of u and j?
17
Suppose -5*d - 4*m = -m - 507, -d + 3*m = -105. Calculate the greatest common factor of 2601 and d.
51
Let u(i) = -6*i**2 + 31*i - 93. Let w(k) = -5*k**2 + 32*k - 92. Let l(f) = 4*u(f) - 5*w(f). Let n be l(34). What is the highest common factor of 160 and n?
20
Suppose 33*w - 2380 = 13*w. Suppose -51*p + 44*p + w = 0. Let q be 472/14 - (-4)/14. Calculate the greatest common divisor of q and p.
17
Suppose 0*m + 2*g = -m + 12, 2*g = 2*m - 54. Suppose -21*y + 1800 = -4206. Calculate the greatest common divisor of m and y.
22
Let z be -11 + 2 + 12 + 69. Suppose -4*i = i - 3*x - 65, 0 = -4*i + 2*x + 54. Calculate the highest common divisor of z and i.
8
Let d = 43 + -13. Suppose -j - 30 = -5*g + 4*j, 5*j + 12 = -g. Suppose 2*o - g*o + d = 0. Calculate the greatest common factor of o and 45.
15
Suppose -31*y + 111 = -323. What is the greatest common factor of y and 154?
14
Let q be ((-7046)/813)/((4/(-30))/2) - -2. What is the greatest common factor of 10428 and q?
132
Let d(p) = 3*p**3 + p**2 + 3*p + 1. Let t be d(3). Suppose -x + t = x. Let z be 640/(-4 - -9) - 3/1. Calculate the greatest common divisor of z and x.
25
Let y = -28877 + 28908. Let v be (1/(-2))/((-2)/8). Let t(i) = 17*i - 3. Let x be t(v). What is the greatest common factor of y and x?
31
Let 